).
3
Calculate 12 + (-8 - 3 - -2).
3
What is the value of -3 - -10 - (-2 + 2)?
7
What is -3 + 1 + -1 + 4?
1
Evaluate -5 + -2 + 4 + 0.
-3
What is the value of 0 + (-3 - (-1 - 2)) + 1?
1
Calculate (0 + 2 - -2) + (-29 - -28).
3
Calculate 1 + -6 - (-14 + 12 + -6).
3
What is the value of 5 + (-3 - (-1 + 6))?
-3
Evaluate (0 - -2) + -2 + 2 + -4.
-2
Evaluate 0 + (-1 - ((0 - 2) + -5)).
6
Evaluate -1 + -4 + (-3 - -11) - 8.
-5
Calculate -7 + -1 - (32 - 41).
1
Calculate 7 + 3 + -5 + (6 - 8).
3
What is 0 - -2 - (6 - -5 - 4)?
-5
What is the value of -3 - ((-4 - -6) + -9)?
4
-1 + 4 + -4 + 4 - 0
3
What is the value of 4 + (-7 - -2 - -3)?
2
What is the value of -2 + 4 + -2 - 4?
-4
Calculate 5 - (1 + -2 + 9).
-3
What is -9 - -9 - (8 - (3 - -3))?
-2
What is the value of -1 - (6 + -5 + 5) - -2?
-5
13 - 1 - (38 - 27)
1
What is -1 - (-6 + 1 + 8)?
-4
What is the value of 16 + -13 - (7 + 0)?
-4
What is (2 - -1) + -1 + 1?
3
What is the value of (-4 - -2 - -1) + -2?
-3
5 + (-6 - (-5 - 2))
6
What is the value of -3 + 2 + -10 + 8?
-3
What is the value of 7 - (0 - -8) - 2?
-3
2 + -12 + (-27 - -39)
2
What is (0 - (-2 + -2) - 5) + 4?
3
What is -2 - (-4 + -4 + 7 + -2)?
1
What is the value of 3 - ((-3 - 0) + 1)?
5
What is the value of -5 - (-1 + -12 + 36 + -32)?
4
Evaluate 6 + (2 - (2 + 3)) - 6.
-3
-7 + 6 - (1 - 4)
2
Evaluate (10 + -1 - 10) + -6.
-7
Evaluate (1 - -12 - 2) + -6.
5
(-3 - -2 - -5) + (-16 - -12)
0
What is (7 - (8 - 2)) + 1?
2
Evaluate -13 + (0 - -7) + 6.
0
What is the value of -1 - -1 - -3 - 7?
-4
-2 + -8 + 19 - 4
5
Evaluate -2 + -5 + (-10 - -23).
6
7 - (3 + 6 + 2)
-4
Calculate 1 + 9 + -1 - (-2 - -6).
5
14 + -4 + -9 + -8
-7
What is the value of -7 + 8 + -2 - -1?
0
What is the value of (13 - 9) + -9 + 0?
-5
Calculate 1 + -2 - (4 + 2).
-7
What is the value of -1 + 0 + -1 + -2 + 3?
-1
What is 8 + (-14 - (-10 - -8))?
-4
Calculate 1 + (0 - 0) + 66 + -60.
7
Calculate -7 - (9 - 15 - -2) - -1.
-2
Evaluate -2 + -2 + (2 - -3) + -4.
-3
What is the value of -4 + (4 - (6 - 0)) - -4?
-2
What is 2 + -4 - (-12 - -6)?
4
Evaluate -2 + (-4 + -2 + 3 - -5).
0
What is the value of 2 + (-2 - (2 - 7))?
5
Calculate (10 - -13) + -8 + -10.
5
Evaluate -3 + (-1 - -1) + -1 + 9.
5
What is 1 - (4 + -4 + -1 + 3)?
-1
Evaluate 8 + (0 - 14 - -2).
-4
Evaluate (0 + 6 - 3) + -2.
1
Calculate 4 + 0 + -11 + 4 + -1.
-4
What is 2 + (5 - (10 - 4))?
1
-3 - (3 + -3 - (6 + -1))
2
5 + (1 - (6 - 5)) + -6
-1
7 - (7 + -4 + 3 - -4)
-3
1 + (6 - (2 + 5 + -2))
2
Calculate 13 + -2 - (-100 - -106).
5
What is -5 + 0 - (16 - 13 - 6)?
-2
Calculate 17 + -12 - (-1 + 4).
2
What is the value of (2 - 0 - 0 - 10) + 3?
-5
What is the value of 1 + 2 + -3 + 5 + -3?
2
1 + -10 - (1 + -13 + 9)
-6
6 + -2 - (38 - 30)
-4
Calculate (1 + 1 + -1 - 0) + 0.
1
Evaluate 4 + (-2 - -7 - (11 + 0)).
-2
What is the value of 4 - (-4 - -6 - 4)?
6
What is the value of 12 + 12 + -31 - (1 + -1)?
-7
-3 - (-2 - (-4 + 0)) - -4
-1
What is (2 - (0 - -4)) + 4?
2
3 - (-11 - (-19 - -6))
1
(-6 - (1 + -15)) + -8 - -9
9
What is -2 - (-2 - (1 + (0 - 2)))?
-1
Calculate -10 + 8 + -2 - 1.
-5
5 + 1 + (10 - 13 - 5)
-2
-1 + 2 - (0 - -2)
-1
2 + (-3 - (0 - (0 - 2)))
-3
What is 5 + -1 - 11 - -7?
0
5 + -8 + -5 + 4
-4
What is the value of 1 - ((8 - (4 + -3)) + 1)?
-7
What is (3 - 0) + (6 - 9) - 2?
-2
Evaluate 2 + 0 + (-3 + 1 - -2).
2
Calculate 10 - (-8 - ((-10 - -6) + -9)).
5
What is the value of -2 - (-6 + 2 - 2)?
4
What is the value of 3 + 14 + -8 + 2 + -1?
10
What is -4 + 1 + -1 + 4?
0
What is the value of (-5 - (-1 + 1)) + 1 + 0?
-4
Evaluate 4 - (1 - (-5 - 0)).
-2
2 + (-3 + 7 - 0) - 2
4
Calculate (16 - (4 - -3)) + -6.
3
What is the value of (-2 - 1) + 4 + 4 + -7?
-2
What is the value of 1 - (5 + (3 - 4))?
-3
-6 - (5 - (2 - -10))
1
Calculate 4 - (2 - (-5 - -7)).
4
What is the value of 0 + 3 + (4 - 12) - -5?
0
2 + -7 + 7 - 5
-3
5 + 12 + -9 + -1
7
0 + 4 + -1 + 5 + 0
8
Evaluate -22 + 24 - ((10 - 2) + -1).
-5
-3 + 3 + -1 + 13 + -14
-2
What is the value of -2 - (-1 + 5 + -3)?
-3
Calculate 1 + -6 + (1 - 1).
-5
Calculate -28 + 29 - (0 - 6).
7
Evaluate 3 - (-4 + 8 - 3).
2
10 + -10 - -6 - -3
9
What is -11 - -15 - (11 + -2)?
-5
Calculate -9 - -7 - (-7 + 1).
4
Calculate -2 - (4 + 1 - 4).
-3
Evaluate 0 + (-4 - (-3 - 6) - 7).
-2
Evaluate -5 - (2 - 3) - -2.
-2
Calculate 4 + (-2 - -1 - -5 - 5).
3
What is the value of 0 - (-3 + 2 - -3)?
-2
What is -2 - (-3 - -1 - -4) - -2?
-2
What is the value of -52 + 54 - (3 + 0 + -1)?
0
(2 - 2) + 8 + 5 + -6
7
What is -8 + 2 - -1 - (18 - 21)?
-2
What is the value of 0 + 1 + -3 + 2 + -4?
-4
3 + (3 - 1) + -3 - 5
-3
(7 - (3 + 1)) + -7
-4
Calculate 0 + 2 - (22 + -23).
3
What is the value of 32 + -32 + (2 - (3 - -2))?
-3
What is the value of -4 + 0 + 5 - 1?
0
Calculate -4 + -3 + -3 + (8 - 7).
-9
What is the value of -12 + 5 + (4 - 3)?
-6
What is the value of -15 + 13 - (-2 - (0 - -3))?
3
Evaluate 2 + 2 - 0 - -1.
5
Evaluate 6 - (10 - 6) - 10.
-8
What is -1 + (-6 + 2 - -2) + 0?
-3
Evaluate 2 + (-1 - 6) + 10 + -10.
-5
Calculate -1 + -9 + -8 + 17.
-1
Calculate 159 + -165 - (-2 - 0 - 5).
1
Calculate 2 - -1 - (-3 + 11).
-5
Calculate (9 + 0 - -3) + -12.
0
Evaluate -1 + 7 + (-11 - 5) + 17.
7
Calculate -16 + (-5 + 5 - -5) - -5.
-6
What is -7 + 6 + (-2 - -2) + -2?
-3
Calculate 7 - 13 - (-1 - 0) - -1.
-4
Evaluate -7 - ((-7 - (-10 + 2)) + -6).
-2
Calculate (-2 - -5 - 2) + 2.
3
What is 4 - (9 - 2 - 0)?
-3
Calculate 4 + -3 + (-4 - -7 - 0).
4
What is the value of 1 + -2 - -1 - (-1 - -1)?
0
What is the value of -2 + (1 - (6 - (3 + -3)))?
-7
Evaluate -7 + (-2 - -4) - (-7 - 3).
5
Calculate -1 - (-13 + 3) - 2.
7
What is -2 - (0 - (1 - 2)) - 2?
-5
Calculate 6 + -2 + 5 - (11 + -8).
6
What is the value of 2 - (4 - (-1 + 7))?
4
Calculate -4 + 15 + (-5 - (6 - 7)).
7
Calculate 5 - 0 - (-4 - -5).
4
What is 4 + -12 + 23 + -10?
5
-5 + (-4 - (-13 + -1 - -6))
-1
Calculate -1 + ((3 - 1) + 1 - 2).
0
Evaluate -8 - -3 - (-2 + (-6 - -6)).
-3
2 + 0 - (0 + (-5 - -5))
2
Evaluate -2 - (0 + -3 - (10 - 15)).
-4
Evaluate 1 + (-2 + 0 - (2 + 0)).
-3
Calculate 2 + 1 - (-6 + (-4 - -8)).
5
What is the value of -1 + 9 - (-5 + (-6 - -16))?
3
What is the value of (1 - 8) + (28 - 26)?
-5
Evaluate 1 + 7 + 8 + -15 - -3.
4
What is 5 + (-4 - -1 - 9) + 5?
-2
Evaluate -6 + 3 + 7 + (2 - 6).
0
Calculate -14 + 8 - (-6 - -7 - 1).
-6
What is the value of 1 + -7 + 2 + -1 + 5?
0
What is the value of (0 - 1) + (25 - 22) + -7?
-5
Evaluate (-3 - -8) + -13 + 11.
3
What is the value of (-17 - -27) + 1 + -1 + -2?
8
Calculate 6 + 0 + -37 + 29.
-2
Calculate 8 - (-4 - -16 - 3).
-1
What is -6 + 3 - -5 - 4?
-2
Calculate 2 - (-5 + 4 + (-3 - -6)).
0
What is the value of 0 + (-1 - -7) + -2?
4
What is the value of -7 + 8 - (0 - (1 + -4))?
-2
Evaluate -2 - (-2 - (3 + -3)).
0
Calculate (-8 + (-5 - -2) - -6) + 6.
1
-5 + (4 - -5 - 9)
-5
Calculate -7 + (15 - -1) - 14.
-5
What is (-2 - (-4 + -1)) + -6 - -7?
4
Evaluate -5 - (7 + -1 - (39 - 34)).
-6
Evaluate (-1 - -7) + (3 - (-5 - -9)).
5
Calculate 0 + -4 + 7 - 1.
2
Evaluate -1 - -3 - (-3 - -1) - 9.
-5
What is -1 - 1 - (5 - (-5 + 8))?
-4
What is the value of (1 - 1) + 7 + -9?
-2
What is the value of -5 + (5 - 2) + 6?
4
-6 + (5 - 1) + -2
-4
Evaluate -1 - (7 + -7) - (2 + -3).
0
What is the value of (0 + -12 - (58 - 66)) + 4?
0
Evaluate -2 + (6 - -12 - 5).
11
5 - -1 - (7 + -8) - 0
7
What is 2 - (-1 + -3 + (-1 - -2))?
5
What is the value of -6 - ((3 - (3 - 3)) + -5)?
-4
What is the value of 0 + 8 - (-21 - (-9 - 14))?
6
Calculate (11 - 3) + -8 - -6.
6
What is (2 - (-2 + 5)) + 0?
-1
What is the value of -16 - -18 - (1 - (-1 - 2))?
-2
Evaluate -5 + 2 + -1 + 9 + -7.
-2
What is -7 + 0 - (-6 + 2 - 5)?
2
Calculate -3 + (-5 - (0 + -1)).
-7
Evaluate 0 - (-1 + (1 - -1)).
-1
Calculate (-6 + 3 - -3) + -6.
-6
Evaluate -4 + 2 + -5 + 7 + -4.
-4
Calculate 0 + -5 + 9 - 1 - 0.
3
What is the value of (6 - -4) + -9 + -1 + 2?
2
What is -13 + 7 - (0 - 3)?
-3
Evaluate -2 + (1 + 6 - 7).
-2
What is the value of (-5 - (-4 + -4) - -1) + 2?
6
What is the value of -4 + 0 - (-6 + -1) - -2?
5
What is the value of 4 + -2 + 7 + -5?
4
What is 1 + 0 + (5 - (2 - 0))?
4
What is (1 + -3 - (3 - -1)) + 2?
-4
6 + 0 + (58 - 70)
-6
Evaluate (7 - (4 + 0)) + -3.
0
6 + (-12 - -7) - (-1 - -4)
-2
What is the value of -4 - (-10 - (1 + -6))?
1
Evaluate 3 + -4 - (5 - 4).
-2
Calculate 2 + 3 + -9 - 6.
-10
What is the value of (81 - 77) + (-3 - 0